en 1115 is divided by 2.
1
Calculate the remainder when 94 is divided by 24.
22
What is the remainder when 36 is divided by 19?
17
Calculate the remainder when 77 is divided by 32.
13
Calculate the remainder when 566 is divided by 355.
211
What is the remainder when 2126 is divided by 142?
138
What is the remainder when 50 is divided by 6?
2
Calculate the remainder when 328 is divided by 241.
87
Calculate the remainder when 246 is divided by 142.
104
Calculate the remainder when 522 is divided by 107.
94
What is the remainder when 8201 is divided by 283?
277
Calculate the remainder when 45 is divided by 8.
5
Calculate the remainder when 929 is divided by 64.
33
What is the remainder when 538 is divided by 27?
25
Calculate the remainder when 126 is divided by 15.
6
Calculate the remainder when 246 is divided by 50.
46
What is the remainder when 1241 is divided by 109?
42
What is the remainder when 688 is divided by 15?
13
What is the remainder when 277 is divided by 36?
25
Calculate the remainder when 403 is divided by 17.
12
What is the remainder when 16962 is divided by 14?
8
Calculate the remainder when 4181 is divided by 694.
17
What is the remainder when 311 is divided by 50?
11
Calculate the remainder when 782 is divided by 386.
10
What is the remainder when 100 is divided by 52?
48
Calculate the remainder when 517 is divided by 105.
97
What is the remainder when 523 is divided by 21?
19
What is the remainder when 587 is divided by 85?
77
Calculate the remainder when 311 is divided by 67.
43
Calculate the remainder when 483 is divided by 38.
27
What is the remainder when 426 is divided by 209?
8
Calculate the remainder when 424 is divided by 26.
8
What is the remainder when 135 is divided by 4?
3
Calculate the remainder when 343 is divided by 63.
28
What is the remainder when 3766 is divided by 38?
4
Calculate the remainder when 250 is divided by 115.
20
What is the remainder when 6417 is divided by 12?
9
What is the remainder when 1045 is divided by 31?
22
What is the remainder when 259 is divided by 7?
0
Calculate the remainder when 74 is divided by 19.
17
What is the remainder when 72 is divided by 7?
2
What is the remainder when 210 is divided by 122?
88
Calculate the remainder when 5871 is divided by 66.
63
What is the remainder when 307 is divided by 166?
141
What is the remainder when 73 is divided by 28?
17
Calculate the remainder when 482 is divided by 69.
68
What is the remainder when 865 is divided by 79?
75
Calculate the remainder when 1004 is divided by 19.
16
Calculate the remainder when 399 is divided by 25.
24
Calculate the remainder when 35 is divided by 23.
12
What is the remainder when 217 is divided by 91?
35
What is the remainder when 133 is divided by 8?
5
What is the remainder when 2419 is divided by 801?
16
What is the remainder when 33 is divided by 19?
14
Calculate the remainder when 196 is divided by 4.
0
Calculate the remainder when 16546 is divided by 394.
392
What is the remainder when 164 is divided by 28?
24
Calculate the remainder when 104 is divided by 49.
6
What is the remainder when 422 is divided by 400?
22
What is the remainder when 3599 is divided by 53?
48
Calculate the remainder when 284 is divided by 14.
4
What is the remainder when 825 is divided by 114?
27
What is the remainder when 10118 is divided by 2529?
2
Calculate the remainder when 139 is divided by 18.
13
Calculate the remainder when 27 is divided by 18.
9
What is the remainder when 259 is divided by 13?
12
Calculate the remainder when 375 is divided by 60.
15
What is the remainder when 808 is divided by 11?
5
Calculate the remainder when 696 is divided by 35.
31
What is the remainder when 3956 is divided by 33?
29
What is the remainder when 209 is divided by 94?
21
What is the remainder when 50 is divided by 41?
9
What is the remainder when 51 is divided by 34?
17
What is the remainder when 2509 is divided by 93?
91
Calculate the remainder when 102 is divided by 36.
30
What is the remainder when 29 is divided by 11?
7
What is the remainder when 108 is divided by 16?
12
What is the remainder when 2291 is divided by 28?
23
Calculate the remainder when 759 is divided by 20.
19
What is the remainder when 4155 is divided by 198?
195
What is the remainder when 221 is divided by 119?
102
Calculate the remainder when 662 is divided by 37.
33
What is the remainder when 7541 is divided by 23?
20
What is the remainder when 275 is divided by 35?
30
What is the remainder when 71 is divided by 51?
20
What is the remainder when 174 is divided by 160?
14
Calculate the remainder when 413 is divided by 6.
5
Calculate the remainder when 500 is divided by 24.
20
Calculate the remainder when 197 is divided by 20.
17
What is the remainder when 36079 is divided by 110?
109
What is the remainder when 231 is divided by 29?
28
What is the remainder when 704 is divided by 23?
14
Calculate the remainder when 31209 is divided by 108.
105
Calculate the remainder when 553 is divided by 31.
26
What is the remainder when 298 is divided by 166?
132
Calculate the remainder when 569 is divided by 38.
37
What is the remainder when 5631 is divided by 1869?
24
What is the remainder when 545 is divided by 13?
12
Calculate the remainder when 21 is divided by 5.
1
What is the remainder when 1479 is divided by 39?
36
What is the remainder when 263 is divided by 14?
11
Calculate the remainder when 947 is divided by 25.
22
What is the remainder when 680 is divided by 13?
4
Calculate the remainder when 1091 is divided by 1085.
6
What is the remainder when 5468 is divided by 96?
92
Calculate the remainder when 15426 is divided by 10.
6
Calculate the remainder when 53 is divided by 7.
4
What is the remainder when 62 is divided by 9?
8
Calculate the remainder when 2327 is divided by 17.
15
Calculate the remainder when 419 is divided by 9.
5
What is the remainder when 262 is divided by 11?
9
Calculate the remainder when 176 is divided by 37.
28
Calculate the remainder when 45 is divided by 7.
3
Calculate the remainder when 869 is divided by 22.
11
What is the remainder when 2660 is divided by 62?
56
Calculate the remainder when 640 is divided by 108.
100
What is the remainder when 2434 is divided by 36?
22
What is the remainder when 1088 is divided by 11?
10
What is the remainder when 2946 is divided by 1463?
20
Calculate the remainder when 637 is divided by 80.
77
Calculate the remainder when 2075 is divided by 685.
20
What is the remainder when 38 is divided by 11?
5
Calculate the remainder when 4583 is divided by 11.
7
Calculate the remainder when 520 is divided by 275.
245
What is the remainder when 144 is divided by 73?
71
Calculate the remainder when 589 is divided by 42.
1
Calculate the remainder when 341 is divided by 63.
26
What is the remainder when 89 is divided by 23?
20
Calculate the remainder when 86 is divided by 40.
6
Calculate the remainder when 4226 is divided by 46.
40
Calculate the remainder when 93 is divided by 8.
5
What is the remainder when 245 is divided by 118?
9
What is the remainder when 5569 is divided by 2781?
7
Calculate the remainder when 70 is divided by 54.
16
Calculate the remainder when 1075 is divided by 30.
25
Calculate the remainder when 65 is divided by 21.
2
What is the remainder when 6967 is divided by 38?
13
What is the remainder when 85 is divided by 28?
1
What is the remainder when 49 is divided by 27?
22
What is the remainder when 209 is divided by 14?
13
Calculate the remainder when 594 is divided by 25.
19
What is the remainder when 469 is divided by 95?
89
Calculate the remainder when 98 is divided by 24.
2
What is the remainder when 135 is divided by 22?
3
Calculate the remainder when 95 is divided by 15.
5
What is the remainder when 680 is divided by 223?
11
What is the remainder when 89 is divided by 46?
43
What is the remainder when 178 is divided by 45?
43
Calculate the remainder when 2336 is divided by 20.
16
Calculate the remainder when 16 is divided by 15.
1
What is the remainder when 731 is divided by 720?
11
Calculate the remainder when 619 is divided by 20.
19
What is the remainder when 129 is divided by 13?
12
What is the remainder when 484 is divided by 121?
0
Calculate the remainder when 10 is divided by 2.
0
Calculate